 the highest common divisor of 63 and 56?
7
What is the highest common factor of 35 and 49?
7
Calculate the greatest common factor of 27 and 477.
9
What is the highest common divisor of 336 and 60?
12
Calculate the highest common divisor of 6 and 48.
6
What is the greatest common divisor of 392 and 2450?
98
Calculate the greatest common divisor of 3486 and 42.
42
What is the highest common divisor of 14 and 154?
14
What is the highest common factor of 817 and 19?
19
What is the greatest common divisor of 52297 and 217?
217
Calculate the highest common factor of 7070 and 101.
101
Calculate the highest common factor of 44 and 1485.
11
What is the highest common factor of 625 and 75?
25
Calculate the highest common divisor of 10483 and 22.
11
Calculate the greatest common divisor of 35607 and 498.
249
Calculate the greatest common divisor of 88 and 51128.
88
Calculate the highest common divisor of 2 and 446.
2
Calculate the highest common divisor of 84 and 56.
28
What is the greatest common factor of 352 and 22?
22
Calculate the highest common divisor of 36 and 268.
4
What is the highest common factor of 7968 and 96?
96
Calculate the highest common factor of 405 and 1.
1
Calculate the greatest common divisor of 123 and 1353.
123
What is the greatest common factor of 690 and 60?
30
Calculate the greatest common factor of 10978 and 22.
22
What is the highest common factor of 1344 and 21?
21
Calculate the greatest common divisor of 48 and 624.
48
What is the highest common divisor of 851 and 296?
37
What is the highest common factor of 16 and 368?
16
What is the greatest common factor of 2047 and 23?
23
Calculate the highest common factor of 13 and 208.
13
What is the highest common divisor of 18 and 576?
18
Calculate the highest common divisor of 561 and 918.
51
Calculate the highest common factor of 10400 and 624.
208
Calculate the greatest common factor of 48 and 416.
16
What is the greatest common factor of 12 and 1344?
12
What is the greatest common factor of 215 and 5?
5
What is the greatest common factor of 38 and 1026?
38
Calculate the greatest common divisor of 255 and 1360.
85
Calculate the greatest common factor of 1971 and 146.
73
What is the greatest common divisor of 49 and 1?
1
What is the greatest common factor of 60 and 228?
12
What is the highest common factor of 246 and 6?
6
Calculate the greatest common divisor of 3621 and 5751.
213
What is the greatest common factor of 336 and 32?
16
Calculate the greatest common factor of 102 and 136.
34
Calculate the greatest common divisor of 377 and 87.
29
Calculate the greatest common factor of 26609 and 82.
41
Calculate the greatest common divisor of 3953 and 134.
67
What is the greatest common factor of 768 and 24?
24
Calculate the greatest common factor of 252 and 2016.
252
Calculate the highest common factor of 336 and 9.
3
What is the highest common factor of 28 and 8386?
14
What is the highest common divisor of 130 and 320?
10
What is the greatest common divisor of 102 and 1173?
51
What is the greatest common divisor of 19768 and 7?
7
What is the greatest common divisor of 175 and 90?
5
Calculate the highest common factor of 40 and 7580.
20
What is the greatest common divisor of 55265 and 5?
5
What is the greatest common divisor of 190 and 152?
38
Calculate the highest common divisor of 340 and 100.
20
What is the highest common divisor of 640 and 10?
10
Calculate the highest common factor of 12435 and 15.
15
What is the highest common factor of 1298 and 2832?
118
What is the highest common divisor of 9316 and 68?
68
What is the highest common divisor of 536 and 67?
67
What is the highest common divisor of 3757 and 26?
13
Calculate the highest common factor of 801 and 189.
9
Calculate the highest common factor of 84 and 2424.
12
Calculate the greatest common factor of 156 and 1131.
39
Calculate the highest common factor of 26 and 5902.
26
Calculate the greatest common factor of 560 and 224.
112
What is the greatest common divisor of 32 and 32?
32
Calculate the greatest common divisor of 158 and 2.
2
What is the highest common divisor of 539 and 1463?
77
Calculate the greatest common factor of 1143 and 423.
9
What is the highest common divisor of 16 and 488?
8
Calculate the greatest common factor of 768 and 12.
12
Calculate the greatest common factor of 4 and 524.
4
Calculate the greatest common factor of 3312 and 4.
4
Calculate the greatest common divisor of 1442 and 98.
14
Calculate the highest common divisor of 14848 and 232.
232
What is the greatest common divisor of 8471 and 197?
197
What is the highest common divisor of 21 and 119?
7
What is the highest common factor of 258 and 42?
6
What is the greatest common factor of 54 and 21654?
54
What is the highest common divisor of 33977 and 183?
61
Calculate the highest common divisor of 1620 and 8.
4
What is the greatest common factor of 16 and 16?
16
Calculate the greatest common factor of 632 and 3950.
158
Calculate the highest common factor of 9 and 6327.
9
Calculate the greatest common divisor of 27 and 1971.
27
What is the highest common divisor of 17874 and 36?
18
What is the highest common divisor of 36 and 58356?
36
Calculate the highest common factor of 98 and 147.
49
Calculate the greatest common divisor of 72 and 747.
9
What is the greatest common divisor of 37376 and 292?
292
What is the greatest common factor of 48 and 54?
6
Calculate the greatest common divisor of 165 and 10780.
55
What is the greatest common factor of 18 and 81?
9
Calculate the greatest common factor of 110 and 55.
55
What is the greatest common factor of 57 and 13053?
57
What is the greatest common factor of 15 and 6135?
15
What is the greatest common divisor of 9625 and 33?
11
Calculate the highest common divisor of 11925 and 450.
225
What is the highest common divisor of 154 and 66?
22
Calculate the greatest common factor of 60 and 375.
15
What is the highest common divisor of 422 and 2?
2
What is the greatest common divisor of 34 and 306?
34
Calculate the highest common factor of 112 and 518.
14
What is the greatest common divisor of 60 and 950?
10
What is the highest common divisor of 1204 and 42?
14
What is the highest common factor of 744 and 816?
24
What is the greatest common factor of 10480 and 160?
80
Calculate the greatest common divisor of 38 and 2546.
38
What is the greatest common factor of 513 and 54?
27
Calculate the highest common factor of 108 and 5346.
54
What is the highest common divisor of 1467 and 18?
9
What is the highest common factor of 20 and 38980?
20
What is the greatest common divisor of 130 and 510?
10
What is the greatest common factor of 552 and 432?
24
Calculate the highest common divisor of 25 and 1175.
25
Calculate the highest common divisor of 266 and 2812.
38
Calculate the greatest common factor of 5451 and 69.
69
What is the highest common divisor of 37 and 111?
37
What is the highest common factor of 69 and 3519?
69
Calculate the highest common divisor of 343 and 6125.
49
What is the highest common divisor of 104 and 21138?
26
Calculate the greatest common divisor of 70 and 126.
14
What is the greatest common factor of 152 and 82840?
152
Calculate the highest common factor of 9970 and 10.
10
Calculate the greatest common divisor of 1 and 7.
1
Calculate the greatest common factor of 152 and 10298.
38
What is the greatest common divisor of 176 and 9?
1
Calculate the highest common factor of 1540 and 4.
4
What is the highest common divisor of 30 and 5745?
15
Calculate the greatest common factor of 14124 and 22.
22
What is the greatest common factor of 50 and 3950?
50
What is the greatest common factor of 140 and 385?
35
Calculate the highest common divisor of 120 and 1240.
40
What is the greatest common divisor of 6 and 1014?
6
What is the highest common factor of 65 and 1820?
65
Calculate the greatest common factor of 15 and 480.
15
What is the highest common factor of 5888 and 8?
8
What is the greatest common factor of 6 and 222?
6
What is the greatest common divisor of 14 and 22162?
14
What is the greatest common factor of 960 and 150?
30
Calculate the greatest common divisor of 474 and 12.
6
Calculate the greatest common divisor of 3 and 32.
1
Calculate the greatest common divisor of 252 and 196.
28
Calcula